




{"id":347,"date":"2023-03-06T10:49:54","date_gmt":"2023-03-06T15:49:54","guid":{"rendered":"clientes.credi10.com.co\/home\/?page_id=347"},"modified":"2023-03-07T09:37:20","modified_gmt":"2023-03-07T14:37:20","slug":"autorizacion-datos-crediticios","status":"publish","type":"page","link":"https:\/\/clientes.credi10.com.co\/home\/autorizacion-datos-crediticios\/","title":{"rendered":"Autorizaci\u00f3n datos crediticios"},"content":{"rendered":"<section class=\"wpb-content-wrapper\"><p>[vc_row el_class=&#8221;margin-10&#8243;][vc_column][vc_empty_space height=&#8221;50px&#8221; el_class=&#8221;espacios&#8221;][vc_column_text]<\/p>\n<h1 style=\"text-align: center;\">Autorizaci\u00f3n datos crediticios<\/h1>\n<p>[\/vc_column_text][vc_column_text]<strong>AUTORIZACI\u00d3N PARA LA CONSULTA, REPORTE Y PROCESAMIENTO DE DATOS CREDITICIOS, FINANCIEROS, COMERCIALES, DE SERVICIOS Y DE TERCEROS EN PA\u00cdSES DE LA CENTRAL DE INFORMACI\u00d3N CIFIN, DATACR\u00c9DITO, Y A CUALQUIER OTRA ENTIDAD P\u00daBLICA O PRIVADA DE CENTRALES DE RIESGO.<\/strong> En la calidad de Titular de la informaci\u00f3n, se autoriza de forma libre, previa, expresa e informada a STF GROUP S.A sociedad comercial colombiana, identificada con NIT 805003626-4, con domicilio en la Cra. 34 No. 10-581 ACOPI YUMBO., Valle del Cauca, Colombia, Tel: (2) 6850000 y a Experian Colombia S.A. (en adelante DataCr\u00e9dito Experian), Carrera 7 No. 76-35 Tel 3191400 de Bogot\u00e1 D.C., o quien represente sus derechos, a acceder a los datos personales contenidos en la base de datos de Mareigua Ltda. (Mareigua Ltda. con NIT 800.167.353-4), Aportes en L\u00ednea (Aportes En L\u00ednea S.A. 900147238-2), Colfondos y\/o administradoras de pensiones, y dem\u00e1s Operadores de informaci\u00f3n de seguridad social autorizados por el Ministerio de Salud y Protecci\u00f3n Social, a los datos personales recolectados por medio del formulario, y a los datos personales contenidos en la base de datos de DataCr\u00e9dito Experian (Operador de informaci\u00f3n crediticia), en adelante la informaci\u00f3n personal, para darle tratamiento en los t\u00e9rminos expresados en la Pol\u00edtica de Tratamiento de datos personales de STF GROUP S.A. y DataCr\u00e9dito Experian y para finalidades de gesti\u00f3n de riesgo crediticio tales como: (i) elaboraci\u00f3n y circulaci\u00f3n a terceros de scores crediticios, herramientas de validaci\u00f3n de ingresos, herramientas predictivas de ingresos, herramientas para evitar el fraude y en general, herramientas que le permitan a los Suscriptores de DataCr\u00e9dito Experian, adelantar una adecuada gesti\u00f3n del riesgo crediticio.<br \/>\n(ii) Compararla, contrastarla y complementarla con la informaci\u00f3n financiera, comercial, crediticia, de servicios y proveniente de terceros pa\u00edses de DataCr\u00e9dito Experian. (iii) Compararla, contrastarla y complementarla con la informaci\u00f3n personal de Midatacr\u00e9dito.\u201d As\u00ed mismo, se autoriza a compartir con terceros contratados la informaci\u00f3n aqu\u00ed suministrada as\u00ed como los documentos aportados, cuando las mismas los soliciten por vinculaci\u00f3n a sus productos. Se Conocer\u00e1 que el alcance de esta autorizaci\u00f3n implica que el comportamiento frente a las obligaciones ser\u00e1 registrado con el objeto de suministrar informaci\u00f3n suficiente y adecuada al mercado sobre el estado de las obligaciones financieras, comerciales, crediticias, de servicios y la proveniente de terceros pa\u00edses de la misma naturaleza. En consecuencia, quienes se encuentren afiliados y\/o tengan acceso a la Central de Informaci\u00f3n -CIFIN, DATACR\u00c9DITO o a cualquier otra entidad p\u00fablica o privada que administre o maneje bases de datos podr\u00e1n conocer esta informaci\u00f3n de conformidad con la legislaci\u00f3n y jurisprudencia aplicable. La informaci\u00f3n podr\u00e1 ser igualmente utilizada para efectos estad\u00edsticos. Los derechos y obligaciones, as\u00ed como la permanencia de la Informaci\u00f3n en las bases de datos corresponden a lo determinado por el ordenamiento jur\u00eddico aplicable del cual, por ser de car\u00e1cter p\u00fablico, quedar\u00eda enterado el titular. En caso de que en el futuro, el autorizado en este documento efect\u00fae, a favor de un tercero, una venta de cartera o una cesi\u00f3n a cualquier t\u00edtulo de las obligaciones a cargo del titular, los efectos de la presente autorizaci\u00f3n se extender\u00e1n a \u00e9ste en los mismos t\u00e9rminos y condiciones. As\u00ed mismo, se autoriza a la central de informaci\u00f3n a que en su calidad de operador, ponga la Informaci\u00f3n a disposici\u00f3n de otros operadores nacionales o extranjeros, en los t\u00e9rminos que establece la ley, siempre y cuando su objeto sea similar al 1 \/ 3 aqu\u00ed establecido.<br \/>\n<strong>AUTORIZACI\u00d3N PARA EL TRATAMIENTO DE DATOS PERSONALES<\/strong>. La persona identificada en el documento, autoriza de forma libre, previa, expresa e informada a STF GROUP S.A., sociedad comercial colombiana, identificada con NIT 805003626-4, con domicilio en la Cra. 34 No. 10-581 ACOPI YUMBO., Valle del cauca, Colombia, Tel: (2) 6850000, en calidad de RESPONSABLE DEL TRATAMIENTO, para que recolecte, almacene, organice, use, procese, suprima, transmita y\/o transfiera a terceros los datos personales, para aplicar las finalidades que se indican a continuaci\u00f3n: 1. Efectuar las gestiones pertinentes para el desarrollo de la etapa precontractual, contractual y pos contractual con STF GROUP S.A., en especial tr\u00e1mites administrativos de creaci\u00f3n, inscripci\u00f3n financiera y giro, respecto de cualquiera de los productos ofrecidos por ella que haya o no adquirido o, respecto de cualquier relaci\u00f3n contractual subyacente que tenga con ella, as\u00ed como dar cumplimiento a la ley colombiana o extranjera, en especial en cuanto se refiere a reportes obligatorios de movimientos financieros o impuestos, y a las \u00f3rdenes de autoridades judiciales o administrativas; 2. gestionar tr\u00e1mites (solicitudes, quejas, reclamos), realizar an\u00e1lisis de riesgo, efectuar encuestas de satisfacci\u00f3n respecto de los bienes y servicios de la empresa, as\u00ed como sus aliados comerciales; 3. Suministrar informaci\u00f3n de contacto y documentos pertinentes a la fuerza comercial y\/o red de distribuci\u00f3n, telemercadeo, investigaci\u00f3n de mercados y cualquier tercero con el cual la empresa posea un v\u00ednculo contractual de cualquier \u00edndole. 4. Dar a conocer, transferir y\/o transmitir los datos personales de los titulares dentro y fuera del pa\u00eds, a terceros a consecuencia de un contrato, ley o v\u00ednculo l\u00edcito que as\u00ed lo requiera, para la presentaci\u00f3n de los servicios respectivos o en virtud de acuerdos o alianzas comerciales. 5. Realizar a trav\u00e9s de cualquier medio en forma directa o a trav\u00e9s de terceros, programaci\u00f3n y prestaci\u00f3n de servicio t\u00e9cnico, venta, compra, facturaci\u00f3n, gesti\u00f3n de cartera, seguimiento al desempe\u00f1o del producto, recaudo, inteligencia de negocios, actividades de mercadeo, promoci\u00f3n o publicidad, mejoramiento del servicio, seguimiento al recaudo, verificaci\u00f3n, consulta y control, habilitaci\u00f3n de medios de pago as\u00ed como cualquier otra relacionada con nuestros productos y servicios actuales y futuros, para el cumplimiento de las obligaciones contractuales y del objeto social de la empresa. 6. Para el env\u00edo y recepci\u00f3n de mercanc\u00edas o material publicitario de acuerdo a los requerimientos de las funciones demandadas y sostenibilidad de los negocios de la compa\u00f1\u00eda. 7. Enviar a trav\u00e9s de cualquier medio de comunicaci\u00f3n, electr\u00f3nico (correo electr\u00f3nico, redes sociales como FACEBOOK, TWITTER, SNAPCHAT, LINKEDIN, etc., servicios de mensajer\u00eda instant\u00e1nea tales como WHATSAPP, TELEGRAM, etc.) o f\u00edsico, conocido o por conocerse, informaciones y notificaciones de car\u00e1cter general, institucional y comercial relacionadas con los productos y servicios ofrecidos. 8. Controlar y prevenir el fraude en cualquiera de sus modalidades.<br \/>\n<strong>CONSULTAS Y RECLAMOS DE HABEAS DATA.<\/strong> STF GROUP S.A., garantiza que el ejercicio de su derecho fundamental de Habeas Data, se efectuar\u00e1 conforme la normatividad vigente en materia de protecci\u00f3n de datos y a lo estipulado en la POL\u00cdTICA DE TRATAMIENTO DE DATOS PERSONALES la cual podr\u00e1 consultar en clientes.credi10.com.co\/home\/, en la que se incluyen con detalle todos los derechos del titular y lo diferentes mecanismos de petici\u00f3n, queja o reclamo, en relaci\u00f3n con el manejo que la sociedad le dar\u00e1 a sus datos, as\u00ed como la informaci\u00f3n de las entidades de vigilancia y control que amparan y protegen el derecho a controlar la informaci\u00f3n personal que sobre el titular es recolectada o tratada. Si usted como titular de datos personales desea consultar, acceder, reclamar, modificar, actualizar, rectificar, suprimir sus datos personales o revocar la autorizaci\u00f3n otorgada respecto del tratamiento de sus datos, puede ponerse en contacto a trav\u00e9s de los canales que hemos dispuesto para tal fin, los cuales se identifican a continuaci\u00f3n: Dir.: Cra. 34 No. 10-581 ACOPI YUMBO, Valle del cauca, Tel: (2) 6850000 Ext. 2220, o al correo electr\u00f3nico e-mail: servicioalcliente@credi10.com.co Recuerde indicar en el asunto \u201cCONSULTA O RECLAMOS DE HABEAS DATA\u201d.<br \/>\n<strong>AUTORIZACI\u00d3N DESTRUCCI\u00d3N DE DOCUMENTOS.<\/strong> De igual forma el titular autoriza para que en el evento 2 \/ 3 en que esta solicitud sea negada y en un plazo no superior a 30 d\u00edas calendarios siguientes, no recogiera los documentos aportados para el estudio y an\u00e1lisis realizado por la entidad, DESTRUYA los mismos, incluido el pagar\u00e9 y dem\u00e1s garant\u00edas firmadas en ocasi\u00f3n a esta solicitud. En caso de que, en el futuro, el autorizado en el documento efect\u00fae, a favor de un tercero, una venta de cartera o una cesi\u00f3n a cualquier t\u00edtulo de las obligaciones a mi cargo, los efectos de las presentes autorizaciones se extender\u00e1n a \u00e9ste en los mismos t\u00e9rminos y condiciones.[\/vc_column_text][vc_empty_space height=&#8221;50px&#8221; el_class=&#8221;espacios&#8221;][\/vc_column][\/vc_row]<\/p>\n<\/section>","protected":false},"excerpt":{"rendered":"<p>[vc_row el_class=&#8221;margin-10&#8243;][vc_column][vc_empty_space height=&#8221;50px&#8221; el_class=&#8221;espacios&#8221;][vc_column_text] Autorizaci\u00f3n datos crediticios [\/vc_column_text][vc_column_text]AUTORIZACI\u00d3N PARA LA CONSULTA, REPORTE Y PROCESAMIENTO DE <a class=\"read-more\" href=\"https:\/\/clientes.credi10.com.co\/home\/autorizacion-datos-crediticios\/\">Read More<\/a><\/p>\n","protected":false},"author":1,"featured_media":0,"parent":0,"menu_order":0,"comment_status":"closed","ping_status":"closed","template":"","meta":{"footnotes":""},"class_list":["post-347","page","type-page","status-publish","hentry"],"acf":[],"yoast_head":"<!-- This site is optimized with the Yoast SEO plugin v21.9.1 - https:\/\/yoast.com\/wordpress\/plugins\/seo\/ -->\r\n<title>Autorizaci\u00f3n datos crediticios - Credi 10<\/title>\r\n<meta name=\"robots\" content=\"index, follow, max-snippet:-1, max-image-preview:large, max-video-preview:-1\" \/>\r\n<link rel=\"canonical\" href=\"https:\/\/clientes.credi10.com.co\/home\/autorizacion-datos-crediticios\/\" \/>\r\n<meta property=\"og:locale\" content=\"es_ES\" \/>\r\n<meta property=\"og:type\" content=\"article\" \/>\r\n<meta property=\"og:title\" content=\"Autorizaci\u00f3n datos crediticios - Credi 10\" \/>\r\n<meta property=\"og:description\" content=\"[vc_row el_class=&#8221;margin-10&#8243;][vc_column][vc_empty_space height=&#8221;50px&#8221; el_class=&#8221;espacios&#8221;][vc_column_text] Autorizaci\u00f3n datos crediticios [\/vc_column_text][vc_column_text]AUTORIZACI\u00d3N PARA LA CONSULTA, REPORTE Y PROCESAMIENTO DE Read More\" \/>\r\n<meta property=\"og:url\" content=\"https:\/\/clientes.credi10.com.co\/home\/autorizacion-datos-crediticios\/\" \/>\r\n<meta property=\"og:site_name\" content=\"Credi 10\" \/>\r\n<meta property=\"article:modified_time\" content=\"2023-03-07T14:37:20+00:00\" \/>\r\n<meta name=\"twitter:card\" content=\"summary_large_image\" \/>\r\n<meta name=\"twitter:label1\" content=\"Tiempo estimado de lectura\" \/>\n\t<meta name=\"twitter:data1\" content=\"7 minutos\" \/>\r\n<script type=\"application\/ld+json\" class=\"yoast-schema-graph\">{\"@context\":\"https:\/\/schema.org\",\"@graph\":[{\"@type\":\"WebPage\",\"@id\":\"https:\/\/clientes.credi10.com.co\/home\/autorizacion-datos-crediticios\/\",\"url\":\"https:\/\/clientes.credi10.com.co\/home\/autorizacion-datos-crediticios\/\",\"name\":\"Autorizaci\u00f3n datos crediticios - Credi 10\",\"isPartOf\":{\"@id\":\"https:\/\/clientes.credi10.com.co\/home\/#website\"},\"datePublished\":\"2023-03-06T15:49:54+00:00\",\"dateModified\":\"2023-03-07T14:37:20+00:00\",\"breadcrumb\":{\"@id\":\"https:\/\/clientes.credi10.com.co\/home\/autorizacion-datos-crediticios\/#breadcrumb\"},\"inLanguage\":\"es-CO\",\"potentialAction\":[{\"@type\":\"ReadAction\",\"target\":[\"https:\/\/clientes.credi10.com.co\/home\/autorizacion-datos-crediticios\/\"]}]},{\"@type\":\"BreadcrumbList\",\"@id\":\"https:\/\/clientes.credi10.com.co\/home\/autorizacion-datos-crediticios\/#breadcrumb\",\"itemListElement\":[{\"@type\":\"ListItem\",\"position\":1,\"name\":\"Inicio\",\"item\":\"https:\/\/clientes.credi10.com.co\/home\/\"},{\"@type\":\"ListItem\",\"position\":2,\"name\":\"Autorizaci\u00f3n datos crediticios\"}]},{\"@type\":\"WebSite\",\"@id\":\"https:\/\/clientes.credi10.com.co\/home\/#website\",\"url\":\"https:\/\/clientes.credi10.com.co\/home\/\",\"name\":\"Credi 10\",\"description\":\"Cr\u00e9dito rapido y seguro\",\"publisher\":{\"@id\":\"https:\/\/clientes.credi10.com.co\/home\/#organization\"},\"potentialAction\":[{\"@type\":\"SearchAction\",\"target\":{\"@type\":\"EntryPoint\",\"urlTemplate\":\"https:\/\/clientes.credi10.com.co\/home\/?s={search_term_string}\"},\"query-input\":\"required name=search_term_string\"}],\"inLanguage\":\"es-CO\"},{\"@type\":\"Organization\",\"@id\":\"https:\/\/clientes.credi10.com.co\/home\/#organization\",\"name\":\"Credi 10\",\"url\":\"https:\/\/clientes.credi10.com.co\/home\/\",\"logo\":{\"@type\":\"ImageObject\",\"inLanguage\":\"es-CO\",\"@id\":\"https:\/\/clientes.credi10.com.co\/home\/#\/schema\/logo\/image\/\",\"url\":\"clientes.credi10.com.co\/home\/wp-content\/uploads\/2023\/01\/logo-credi10.png\",\"contentUrl\":\"clientes.credi10.com.co\/home\/wp-content\/uploads\/2023\/01\/logo-credi10.png\",\"width\":280,\"height\":129,\"caption\":\"Credi 10\"},\"image\":{\"@id\":\"https:\/\/clientes.credi10.com.co\/home\/#\/schema\/logo\/image\/\"}}]}<\/script>\r\n<!-- \/ Yoast SEO plugin. -->","yoast_head_json":{"title":"Autorizaci\u00f3n datos crediticios - Credi 10","robots":{"index":"index","follow":"follow","max-snippet":"max-snippet:-1","max-image-preview":"max-image-preview:large","max-video-preview":"max-video-preview:-1"},"canonical":"https:\/\/clientes.credi10.com.co\/home\/autorizacion-datos-crediticios\/","og_locale":"es_ES","og_type":"article","og_title":"Autorizaci\u00f3n datos crediticios - Credi 10","og_description":"[vc_row el_class=&#8221;margin-10&#8243;][vc_column][vc_empty_space height=&#8221;50px&#8221; el_class=&#8221;espacios&#8221;][vc_column_text] Autorizaci\u00f3n datos crediticios [\/vc_column_text][vc_column_text]AUTORIZACI\u00d3N PARA LA CONSULTA, REPORTE Y PROCESAMIENTO DE Read More","og_url":"https:\/\/clientes.credi10.com.co\/home\/autorizacion-datos-crediticios\/","og_site_name":"Credi 10","article_modified_time":"2023-03-07T14:37:20+00:00","twitter_card":"summary_large_image","twitter_misc":{"Tiempo estimado de lectura":"7 minutos"},"schema":{"@context":"https:\/\/schema.org","@graph":[{"@type":"WebPage","@id":"https:\/\/clientes.credi10.com.co\/home\/autorizacion-datos-crediticios\/","url":"https:\/\/clientes.credi10.com.co\/home\/autorizacion-datos-crediticios\/","name":"Autorizaci\u00f3n datos crediticios - Credi 10","isPartOf":{"@id":"https:\/\/clientes.credi10.com.co\/home\/#website"},"datePublished":"2023-03-06T15:49:54+00:00","dateModified":"2023-03-07T14:37:20+00:00","breadcrumb":{"@id":"https:\/\/clientes.credi10.com.co\/home\/autorizacion-datos-crediticios\/#breadcrumb"},"inLanguage":"es-CO","potentialAction":[{"@type":"ReadAction","target":["https:\/\/clientes.credi10.com.co\/home\/autorizacion-datos-crediticios\/"]}]},{"@type":"BreadcrumbList","@id":"https:\/\/clientes.credi10.com.co\/home\/autorizacion-datos-crediticios\/#breadcrumb","itemListElement":[{"@type":"ListItem","position":1,"name":"Inicio","item":"https:\/\/clientes.credi10.com.co\/home\/"},{"@type":"ListItem","position":2,"name":"Autorizaci\u00f3n datos crediticios"}]},{"@type":"WebSite","@id":"https:\/\/clientes.credi10.com.co\/home\/#website","url":"https:\/\/clientes.credi10.com.co\/home\/","name":"Credi 10","description":"Cr\u00e9dito rapido y seguro","publisher":{"@id":"https:\/\/clientes.credi10.com.co\/home\/#organization"},"potentialAction":[{"@type":"SearchAction","target":{"@type":"EntryPoint","urlTemplate":"https:\/\/clientes.credi10.com.co\/home\/?s={search_term_string}"},"query-input":"required name=search_term_string"}],"inLanguage":"es-CO"},{"@type":"Organization","@id":"https:\/\/clientes.credi10.com.co\/home\/#organization","name":"Credi 10","url":"https:\/\/clientes.credi10.com.co\/home\/","logo":{"@type":"ImageObject","inLanguage":"es-CO","@id":"https:\/\/clientes.credi10.com.co\/home\/#\/schema\/logo\/image\/","url":"clientes.credi10.com.co\/home\/wp-content\/uploads\/2023\/01\/logo-credi10.png","contentUrl":"clientes.credi10.com.co\/home\/wp-content\/uploads\/2023\/01\/logo-credi10.png","width":280,"height":129,"caption":"Credi 10"},"image":{"@id":"https:\/\/clientes.credi10.com.co\/home\/#\/schema\/logo\/image\/"}}]}},"_links":{"self":[{"href":"https:\/\/clientes.credi10.com.co\/home\/wp-json\/wp\/v2\/pages\/347","targetHints":{"allow":["GET"]}}],"collection":[{"href":"https:\/\/clientes.credi10.com.co\/home\/wp-json\/wp\/v2\/pages"}],"about":[{"href":"https:\/\/clientes.credi10.com.co\/home\/wp-json\/wp\/v2\/types\/page"}],"author":[{"embeddable":true,"href":"https:\/\/clientes.credi10.com.co\/home\/wp-json\/wp\/v2\/users\/1"}],"replies":[{"embeddable":true,"href":"https:\/\/clientes.credi10.com.co\/home\/wp-json\/wp\/v2\/comments?post=347"}],"version-history":[{"count":5,"href":"https:\/\/clientes.credi10.com.co\/home\/wp-json\/wp\/v2\/pages\/347\/revisions"}],"predecessor-version":[{"id":374,"href":"https:\/\/clientes.credi10.com.co\/home\/wp-json\/wp\/v2\/pages\/347\/revisions\/374"}],"wp:attachment":[{"href":"https:\/\/clientes.credi10.com.co\/home\/wp-json\/wp\/v2\/media?parent=347"}],"curies":[{"name":"wp","href":"https:\/\/api.w.org\/{rel}","templated":true}]}}